mine n(t).
-6
Let y = 271 + -356. Let x = -92 - y. Let j(p) = p**2 + 9*p + 8. Give j(x).
-6
Let b(f) = 1 + 6 + 7*f + 9. Let p(g) = 12*g + 31. Suppose 1145*x = 1141*x + 20. Let i(l) = x*b(l) - 3*p(l). What is i(-9)?
-4
Let t(m) be the second derivative of m**3/6 - m**2 + 3*m. Let c = -5 + 25. Let w = c - 16. Determine t(w).
2
Let p(a) = -63 - 72*a + 223*a - 67*a - 81*a. Determine p(23).
6
Let c(a) = -a**2 - 24*a - 2. Suppose -14*s + 11 - 212 = 135. What is c(s)?
-2
Let c be -5 + -3 - (33 - 46). Let u(m) = -25*m + 122. What is u(c)?
-3
Let c(y) be the third derivative of -1/60*y**5 - 13/24*y**4 + 0 + 0*y + 5/6*y**3 + 58*y**2. Give c(-13).
5
Let h(i) = -7*i**3 - 2*i + 6*i**3 - 7*i**2 + 10 - 2 + 2*i**3. Let n be (-33*4/(-12))/1 + 4. Let q be (42/n)/(-7) - 37/(-5). Determine h(q).
-6
Let x(t) = 6*t**2 + 17*t - 5. Let b(n) = -15*n**2 - 36*n + 10. Let r(v) = 3*b(v) + 7*x(v). Calculate r(4).
-9
Let p(g) = 15*g + 150. Let s be p(-10). Let n(b) = 1342 - 1346 + 5*b**2 - 3*b**2 - b**2. Determine n(s).
-4
Let m(t) = 4*t**2 - t - 3. Let g(s) = 5*s - 6. Let a(x) = 15*x - 18. Let p(j) = 6*a(j) - 21*g(j). Let d be p(1). Determine m(d).
30
Let l = -1548 + 1554. Let g(z) = 1 - z - 1 + 2 + 2. What is g(l)?
-2
Let a(t) = 27*t**3 - 14*t**3 - 8 + 2*t + 8*t**3 + t**2 - 3*t**2. Calculate a(2).
156
Let h(o) = 3*o + 9. Let k(a) = -4*a - 11. Let g(i) = -6*h(i) - 5*k(i). Let m(b) = -b - 1. Let c(p) = 3*g(p) + 4*m(p). Let t be (-4)/(3/3 + -3). What is c(t)?
3
Let n(g) = -4*g**3 - g**2 + g - 1. Let f(l) = -6*l**3 - 22*l**2 - 8*l + 13. Let p(d) = f(d) - n(d). Determine p(-10).
4
Let z(x) be the third derivative of 95*x**4/24 + 377*x**3/6 - 1923*x**2. Determine z(-4).
-3
Let x be ((-12)/(-4)*6 - -1) + -2. Let p(w) = w**2 - 16*w - 15. Let z be p(x). Let y be z*4/16*-2. Let m(o) = 5*o**2 - o - 1. What is m(y)?
5
Let h(v) = 4*v - 9. Suppose -36 = 2*g - 5*a + a, 0 = -5*g - 4*a - 34. Let m(f) = -6*f - 52. Let l be m(g). Give h(l).
23
Let m be (19/(627/44))/((-20)/(-135)). Let c(y) = -y**3 + 10*y**2 - 10*y - 4. Calculate c(m).
-13
Suppose -2*k = 2*c + 6, -20*k + c = -18*k + 21. Let i(n) = n**3 + 9*n**2 + 7*n - 12. Give i(k).
-4
Let u(k) = -17*k**2 - 4*k + 2. Let l(a) = 11*a**2 + 5*a - 1. Let s(r) = 3*l(r) + 2*u(r). Let d(v) = -2*v - 2. Let w be d(-5). What is s(w)?
-7
Let v(y) be the second derivative of 1/12*y**4 - 30*y + 1/6*y**3 + 1/2*y**2 + 0. What is v(4)?
21
Let a(v) = -5*v**2 - 19*v - 68. Let q(f) = -7*f**2 - 26*f - 90. Let t(b) = -11*a(b) + 8*q(b). Determine t(-5).
-2
Let d = 13 + 0. Let g(l) = l**3 - 14*l**2 + 14*l - 15. Let i be g(d). Let u be (3 - 3 - i) + -3. Let b(n) = -4*n**2 - n. What is b(u)?
-3
Let l be -4*(-23)/(1748/(-57)). Let x(g) = g**2 + g + 3. Determine x(l).
9
Let s(d) be the second derivative of 1/20*d**5 + 0 + 140*d + 1/2*d**3 + 5/2*d**2 + 1/4*d**4. What is s(-3)?
-4
Suppose -96 + 22 = -37*t. Let a(v) = v**2 + 5*v - 8. Let u be a(t). Let y(j) = j**3 - 4*j**2 - 8*j - 5. Calculate y(u).
19
Let q(m) = -12*m + 1. Let a(s) = 22*s + 3. Let u be a(0). Suppose -u*v = 257 - 254. Determine q(v).
13
Let z(n) = 2 + 5 - 2 - n. Suppose -3*k + 2 = 2*r - 6*r, 3 = 3*k - 3*r. Let i be 1*0/(6/k). Give z(i).
5
Let u = -142 - -158. Suppose -34*s + u = -38*s. Let z(r) = -r**2 - 4*r. Calculate z(s).
0
Let i(k) = -42*k - 318. Let n(q) = 18*q + 160. Let h(x) = -2*i(x) - 5*n(x). Calculate h(-28).
4
Let m(t) = t**2 + 17*t + 30. Let w = 4776 - 4779. What is m(w)?
-12
Let t(h) be the third derivative of -h**6/120 - h**5/12 - 7*h**4/24 - h**3 + 8*h**2. Let y be t(-4). Let b(d) = -2*d + 9. What is b(y)?
-3
Let z = 26 - 22. Let c(k) be the second derivative of -k**4/12 - 2*k**3/3 + 3*k**2 - 3*k - 85. Determine c(z).
-26
Suppose b + 2*n = 363, 4*n = -4*b + b + 1087. Let m = b + -357. Let z(q) = -q**3 + 5*q**2 - 4*q - 4. Calculate z(m).
-4
Suppose -5 = 3*i - 2*j, 4*i - 3*j - 31 = 5*i. Let w(y) = y**3 + 5*y**2 - 21*y - 43. Give w(i).
6
Let p(l) = 4*l**3 + 10*l**2 - 10*l + 3. Let z(d) = 3*d**3 + 7*d**2 - 7*d + 2. Let y(q) = 5*p(q) - 7*z(q). Let u be ((-2)/(-4))/(7 - 609/84). What is y(u)?
15
Let o(p) = 2*p + 37. Let m(x) = 9*x + 103. Let c(q) = -m(q) + 2*o(q). What is c(-20)?
71
Let f(a) = 3*a**3 - 12*a**2 - 3. Let x(l) = 3*l**2 + 1. Let c(j) = -f(j) - 4*x(j). Give c(2).
-25
Let t = 233 + -226. Let w be 28/t + (-14)/2. Let c(l) = -l**3 - 3*l**2 + 2*l + 3. Determine c(w).
-3
Let c(w) = -7*w**2 + 5*w + 7. Let f(b) = -16*b**2 + 8*b + 12. Let y(o) = -7*c(o) + 3*f(o). Suppose 0*i - 60 = -5*i. Give y(i).
-1
Let x(a) = -26*a**3 + 35*a**2 - 21*a - 74. Let o(q) = -118*q**3 + 142*q**2 - 84*q - 297. Let v(n) = -2*o(n) + 9*x(n). Calculate v(-16).
8
Let b(y) = 10*y**2 + y**3 + 2*y - 3*y**3 + 4 - 18. Let p(a) = a**3. Let g(k) = b(k) + p(k). What is g(10)?
6
Let t(j) = -2*j - 10. Suppose 5*a = -c - 61, -a + 3*c = -2*c + 33. Let p be 5/((-150)/18) - a/5. Let v be (-3)/((-3)/p) + (-10)/1. What is t(v)?
6
Let f be 2 - 7 - (-27 + 6). Let r(v) = -2*v**2 + 31*v + 20. Give r(f).
4
Let f(y) be the second derivative of y**5/20 - 5*y**4/12 - y**2 + 2*y + 970. Calculate f(5).
-2
Suppose 3*s - 4*s - 3937 = -4*z, 5*z = -5*s + 4915. Let w = z - 991. Let y(b) = -b - 3. Determine y(w).
4
Let g(m) = -95 + 151 - 57 + 21*m. Suppose r = -l + 5, -4*r + l = -l + 4. What is g(r)?
20
Let j(b) = 10*b - 14. Let h(q) = -57*q + 84. Let w(v) = 3*h(v) + 17*j(v). Determine w(19).
-5
Let c be 466/10 - 64/(-160). Let k(d) = -21 + c - 19 - 13 - d. Suppose 3 + 11 = -2*f. Calculate k(f).
1
Let f(x) = x**2 + x + 4. Let o(w) = 4*w**2 - w + 17. Let l(j) = 3*f(j) - o(j). Suppose -3*m = 3*y + 6, 8*y - 3*y + 10 = -4*m. What is l(m)?
-5
Let i(t) = 3*t - 1. Suppose -4 = 2*z + 16. Let q be (-36)/10 + (-6)/z. Give i(q).
-10
Let u(h) be the third derivative of h**4/4 - h**3/2 + h**2. Let d be -6 + 34 - (91 - 66). Give u(d).
15
Let a(o) = -o**2 - 7. Let p be (-124 - 0)*(-1 + -1). Let g = p + -243. Give a(g).
-32
Let r(v) = -v + 4. Suppose -4*k - 5*x + 3*x + 76 = 0, k + 3*x - 24 = 0. Suppose 5*c - 3*p - 23 = -0*c, -p = 2*c - k. Calculate r(c).
-3
Let v(q) be the first derivative of q**4/4 - 12*q**3 - 38*q**2 - 15*q + 5655. What is v(38)?
-15
Let t(p) be the first derivative of -5*p**2/2 - 25*p + 737. Determine t(-5).
0
Let h(l) = l**2 - l. Let t(q) = 2*q**2 - 6*q + 3. Let g(z) = -3*h(z) + t(z). Suppose 314 - 293 = x. Suppose -3*p = -x*p - 90. What is g(p)?
-7
Suppose 4*k - 5*z - 39 = k, 2*k = z + 19. Suppose 4*d + 0 = k. Let h(l) = 9*l + 1 + 8*l**d - 6 - 7*l**2. Determine h(-9).
-5
Let z be (1/(-3))/(8/(-96)). Suppose -4*m - z*k + 20 = 0, -6*k - 11 = -m - k. Let v(h) be the first derivative of h**3/3 - 2*h**2 + 9*h + 51. Calculate v(m).
21
Let p(j) = -2 + 4 + 151*j**2 - 149*j**2 - j**3 + j. Let s = 7 + -11. Let f(i) = -i - 1. Let o be f(s). Give p(o).
-4
Let y be ((-20)/5 + 34)*-2. Let s = -54 - y. Let p(u) = u**3 - 5*u**2 - 6*u + 3. What is p(s)?
3
Let j(i) = 2*i + 6. Suppose 12 = -21*w + 25*w. Suppose g = w*s - 0 + 9, 0 = -2*g + 5*s + 14. Let b be (-10)/g*(-6)/4. Give j(b).
-4
Let k(b) be the second derivative of -b**6/240 - b**5/60 + 7*b**4/12 + 4*b**2 + 42*b. Let f(o) be the third derivative of k(o). What is f(-4)?
10
Let l(z) = -z**2 + 132*z**3 - 131*z**3 - 2*z + 8 - 9. Let i(b) = -4*b**3 + 11*b**2 + 8*b + 6. Let q(d) = i(d) + 5*l(d). Give q(-6).
13
Suppose c = -0 - 2. Let x(l) = -146*l - 34. Let o(y) = 38*y + 9. Let h(i) = 23*o(i) + 6*x(i). Determine h(c).
7
Let z(g) = -g**2 + 6*g + 2. Let i be -4*(-2 - (-25)/20). Let s be (i/(-2) + 1)*-10. Suppose -20*h = -21*h + s. Give z(h).
7
Let d(z) be the second derivative of z**6/120 - z**5/12 - 5*z**4/12 + 4*z**3/3 + 45*z**2/2 - 3*z + 5. Let i(m) be the first derivative of d(m). Calculate i(6).
-16
Let a(s) = s**2 - 65 - 4474*s + 1495*s + 1506*s + 1488*s. Calculate a(-17).
-31
Suppose 1429 = -4*q + 1485. Let i(w) = -3*w + 84. Give i(q).
42
Let w(c) = c**3 - 3*c**2 - 3*c. Let v(d) = d + 31. Let u be v(-5). Suppose -9*a - 4*a = u. Calculate w(a).
-14
Let j(d) be the first derivative of -d**4/4 - 7*d**3/3 - 3*d**2/2 + 2*d + 1. Let s be j(-6). Let h = s + 16. Let g(u) = u**3 + u**2 + u - 4. What is g(h)?
-4
Let r(k) = -13*k**3 + 6*k**2 - 8*k - 10. Let t(f) = 24*f**3 - 11*f**2 + 15*f + 18. Let c(l) = 11*r(l) + 6*t(l). Let a be (-2*(-4 - -3) - 7) + 7. Give c(a).
10
Let y(m) = -6 - 12*m + 964*m**2 - 9 + m**